 w(x) = -4*x**2 - 245*x + 709. What is w(-64)?
5
Let r(d) = 7208*d + 7193. What is r(-1)?
-15
Let m(j) = 4*j**3 - 23*j**2 + 145*j - 662. Give m(5).
-12
Let i(o) = o**3 + 10*o**2 - 9*o + 61. Calculate i(-12).
-119
Let h(a) = -a**3 - 9*a**2 - 131*a - 1175. Give h(-9).
4
Let n(v) = 3*v + 73. Determine n(9).
100
Let z(d) = 7*d**2 + 27*d + 147. Determine z(-11).
697
Let b(k) = 1026*k - 74904. Calculate b(73).
-6
Let f(s) = 1008*s + 168339. Calculate f(-167).
3
Let x(q) = 6*q**2 + 30*q + 10. What is x(-7)?
94
Let w(i) = -70*i**3 + 5*i**2 - i - 2. Determine w(1).
-68
Let y(a) = a**3 - 14*a**2 - 31*a - 342. What is y(17)?
-2
Let v(b) = 17*b**2 - 104*b - 921. Calculate v(11).
-8
Let n(a) = -607*a**2 + 3644*a + 20. Give n(6).
32
Let h(s) = 9*s + 505. Determine h(-90).
-305
Let s(b) = -158*b - 3472. Determine s(-22).
4
Let z(v) = v**2 + 1151*v + 10266. What is z(-9)?
-12
Let a(b) = b**2 - 52*b + 481. Determine a(12).
1
Let n(v) = v**2 - 46*v + 146. Calculate n(42).
-22
Let w(c) = c**3 - 16*c**2 + 41*c - 27. What is w(13)?
-1
Let d(r) = -7*r**2 - 10*r - 86. What is d(-5)?
-211
Let q(k) = -k**3 - 33*k**2 - 13*k + 93. Give q(-32).
-515
Let u(m) = 59*m - 10624. Give u(180).
-4
Let w(a) = -11*a**2 - 4*a + 4. Give w(1).
-11
Let w(z) = z**3 + 30*z**2 - 151*z - 4520. Determine w(-30).
10
Let z(l) = -l**3 + 13*l**2 + 45*l + 52. Calculate z(16).
4
Let l(h) = -9*h**3 + 71*h**2 + 8*h - 1. Calculate l(9).
-739
Let v(t) = 10*t**3 - 38*t**2 + 5*t - 44. What is v(4)?
8
Let v(t) = 302*t**2 + 48*t - 49. Determine v(1).
301
Let a(w) = -2*w**3 - 96*w**2 + 95*w - 24. Determine a(-49).
123
Let m(o) = -21*o**2 - 138*o + 55. Give m(-7).
-8
Let b(m) = -3*m**2 + 107*m + 869. Determine b(-7).
-27
Let p(m) = -11*m**3 - 13*m**2 - 50*m - 40. What is p(-1)?
8
Let u(g) = 2*g**3 - 22*g**2 - 7*g - 35. Determine u(11).
-112
Let b(p) = -6*p + 2. Determine b(0).
2
Let y(c) = c**2 + 195*c + 7909. What is y(-58)?
-37
Let v(t) = -t**3 - 23*t**2 - 30*t + 267. Determine v(-21).
15
Let l(k) = 60*k**2 - 2916*k - 2917. Determine l(-1).
59
Let n(i) = -2*i**3 - 13*i**2 + 6*i - 150. Give n(-8).
-6
Let d(f) = -3*f**3 - 3*f**2 + 7*f + 4. What is d(-4)?
120
Let k(i) = i**3 + 34*i**2 - 75*i - 4. Calculate k(0).
-4
Let w(n) = 2*n**3 + 4*n**2 - 25*n + 21. Calculate w(-5).
-4
Let z(p) = -570*p**2 - 5703*p - 15. Give z(-10).
15
Let l(x) = 122*x**2 + 1950*x - 18. What is l(-16)?
14
Let i(w) = 2*w**3 - 6*w**2 + 26*w - 78. What is i(4)?
58
Let l(b) = -251*b + 44173. Calculate l(176).
-3
Let h(k) = 3*k**3 + 22*k**2 + 18*k + 79. Determine h(-7).
2
Let f(q) = -22*q**2 - 12*q - 5. Determine f(3).
-239
Let p(m) = -117*m - 24717. What is p(-211)?
-30
Let b(u) = -u**2 - 291*u - 19433. Calculate b(-104).
15
Let z(f) = -1016*f - 12173. Give z(-12).
19
Let s(v) = -v**3 - 17*v**2 - 56*v + 104. Calculate s(-8).
-24
Let g(m) = m**3 + 22*m**2 - 39*m - 247. Calculate g(-20).
1333
Let k(f) = -38*f + 4297. What is k(112)?
41
Let b(c) = 2*c**2 + 101*c + 1319. Calculate b(-22).
65
Let u(x) = 62*x + 1323. Give u(-21).
21
Let h(q) = 4*q + 166. Calculate h(-22).
78
Let g(x) = -155*x + 187. Give g(1).
32
Let o(m) = -m**3 + 5*m + 17. Calculate o(-5).
117
Let a(b) = -b**3 - 23*b**2 - 81*b. Give a(-3).
63
Let i(w) = -2*w**2 + 15*w - 21. Determine i(6).
-3
Let j(p) = 19*p - 175. What is j(9)?
-4
Let r(s) = s**3 - 3*s**2 + 21*s + 10. What is r(-3)?
-107
Let f(z) = 13*z**2 - 51*z - 102. Give f(-2).
52
Let k(v) = 79*v - 319. Calculate k(4).
-3
Let g(l) = -3*l**3 + 12*l**2 - 22*l - 5. What is g(4)?
-93
Let j(p) = 3*p**2 - 47*p + 42. Determine j(9).
-138
Let q(m) = 2*m**2 - 116*m + 958. What is q(48)?
-2
Let i(b) = -2*b**2 + 97*b + 160. Give i(50).
10
Let t(u) = 2*u**3 - 13*u**2 + 28*u - 5. Determine t(2).
15
Let z(y) = -4*y**3 - 18*y**2 - 3*y + 11. Give z(-5).
76
Let b(g) = 5*g - 173. What is b(34)?
-3
Let f(r) = -7*r**2 - 8*r - 11. Calculate f(-2).
-23
Let y(n) = -6*n**3 - 21*n**2 + 14*n + 4. Determine y(-4).
-4
Let g(b) = 71*b**2 + 8*b + 12. Calculate g(-2).
280
Let a(i) = -505*i - 17696. Calculate a(-35).
-21
Let p(n) = 26*n + 426. Calculate p(-18).
-42
Let s(x) = -9*x**2 + 565*x + 8859. Calculate s(-13).
-7
Let f(c) = 496*c + 5420. Give f(-11).
-36
Let u(p) = -23*p - 388. What is u(-42)?
578
Let f(p) = 44*p - 477. Give f(9).
-81
Let d(k) = 94*k - 8752. Calculate d(93).
-10
Let j(u) = -u**3 + 2*u**2 - 15*u - 2. Give j(0).
-2
Let i(p) = 116*p - 4402. Give i(38).
6
Let a(q) = -q**2 - 287*q + 5202. Determine a(17).
34
Let n(m) = 1913*m + 11473. Determine n(-6).
-5
Let g(z) = 2649*z - 15891. Give g(6).
3
Let h(l) = l**3 - 4*l**2 - 177*l + 177. Give h(1).
-3
Let p(j) = 6*j**2 + 49*j + 34. Calculate p(-7).
-15
Let v(y) = y**3 - 11*y**2 - 91*y + 193. Give v(16).
17
Let d(r) = -4*r**3 - 382*r**2 + 582*r + 113. Calculate d(-97).
113
Let o(h) = 8*h**3 + 2*h**2 - h. Determine o(1).
9
Let v(u) = -20*u - 299. Calculate v(-15).
1
Let a(y) = -y**3 + 2*y**2 + 56*y + 125. What is a(-4)?
-3
Let y(z) = 4*z**3 - 72*z**2 - 22*z + 406. What is y(18)?
10
Let a(r) = 2*r**2 + r + 45. Determine a(8).
181
Let r(a) = -a**2 + 38*a + 86. Calculate r(-21).
-1153
Let t(a) = -a**3 + 93*a**2 + 284*a + 378. Determine t(96).
-6
Let b(w) = -41*w - 1525. Calculate b(-37).
-8
Let c(b) = -b**2 + 243*b - 5248. Calculate c(24).
8
Let z(g) = -31*g**2 + 494*g + 31. Give z(16).
-1
Let s(d) = 61*d - 117. Determine s(4).
127
Let l(q) = 2186*q - 4369. Calculate l(2).
3
Let g(u) = u**2 + 13*u + 23. Calculate g(-8).
-17
Let z(w) = 3282*w - 39374. What is z(12)?
10
Let n(c) = 2350*c - 51708. Determine n(22).
-8
Let x(d) = 2*d**2 - 618*d + 10471. Determine x(18).
-5
Let v(n) = -n**3 - 14*n**2 - 6*n - 11. Calculate v(-16).
597
Let z(u) = -80*u - 16724. Give z(-209).
-4
Let y(i) = i**2 + 1746*i - 56901. What is y(32)?
-5
Let b(q) = -q**2 + 55*q - 736. What is b(38)?
-90
Let n(w) = -w**3 - 36*w**2 - 122*w + 184. Calculate n(-32).
-8
Let t(s) = -1406*s - 7020. Calculate t(-5).
10
Let a(v) = -463*v + 263. Calculate a(1).
-200
Let l(h) = 136*h**2 + 4351*h + 23. What is l(-32)?
55
Let p(k) = -32*k + 33. Give p(6).
-159
Let r(i) = 8*i**2 + 155*i + 206. Calculate r(-18).
8
Let t(r) = -298*r + 303. What is t(1)?
5
Let l(w) = 60*w - 1731. Calculate l(29).
9
Let b(h) = 410*h + 2885. Calculate b(-7).
15
Let m(a) = a**3 + 3*a**2 + 390*a + 771. Determine m(-2).
-5
Let m(g) = 5*g**3 + 66*g**2 - 58*g + 11. Determine m(-14).
39
Let g(n) = 2*n**2 - 10*n - 65. Calculate g(13).
143
Let c(h) = h**3 - 6*h**2 - h + 1. Determine c(9).
235
Let f(o) = 19*o**2 + 6. What is f(-2)?
82
Let n(t) = t**3 - 21*t**2 + 38*t - 5. What is n(19)?
-5
Let s(a) = -10*a**3 - 11*a**2 - 12*a - 2. What is s(-3)?
205
Let l(g) = g**2 - 6*g - 10. Determine l(-4).
30
Let f(a) = -a**3 + 131*a**2 + 30*a - 20818. Calculate f(130).
-18
Let t(k) = -k**3 + 74*k**2 - 1304*k - 148. Give t(45).
-103
Let p(h) = 2*h**3 - 56*h**2 + 195*h - 149. Calculate p(24).
-77
Let s(c) = -c**3 - 97*c**2 - 284*c - 186. Calculate s(-94).
2
Let n(q) = q**3 - 63*q**2 + 59*q + 181. What is n(62)?
-5
Let c(z) = -61*z**2 + 17*z + 21. Give c(-2).
-257
Let v(r) = -2*r**2 + 122*r - 579. Calculate v(5).
-19
Let u(v) = v**2 - 43*v - 167. Calculate u(47).
21
Let z(q) = 2*q**2 + 21*q - 215. Determine z(0).
-215
Let b(f) = f**3 - 8*f**2 - 300*f + 102. Calculate b(-14).
-10
Let r(m) = 2*m**2 + 89*m + 85. Calculate r(-44).
41
Let z(j) = j**3 - 4*j**2 - 45*j - 13. Calculate z(8).
-117
Let p(t) = -t**3 + 5*t**2 - 76*t + 452. Determine p(7).
-178
Let h(w) = w**2 + 5*w - 112. Give h(-11).
-46
Let y(d) = 3*d**3 - 64*d**2 - 18*d + 820. What is y(21)?
1
Let p(i) = -17*i - 1514. Determine p(-89).
-1
Let j(o) = -738*o + 21403. Calculate j(29).
1
Let g(d) = -362*d**2 - 11221*d - 1. What is g(-31)?
-32
Let a(h) = -h**2 - 79*h - 711. Give a(-41).
847
Let o(z) = 14*z + 498. Give o(-12).
330
Let v(b) = -b**3 + 48*b**2 - 174*b - 63. What is v(44)?
25
Let p(s) = 4*s + 101. Calculate p(27).
209
Let h(w) = -w**2 - 334*w + 667. Calculate h(2).
-5
Let n(t) = -39*t**2 - 8*t - 11. Determine n(-2).
-151
Let s(q) = -q**2 + 55*q - 275. Determine s(53).
-169
Let n(r) = r**3 + 37*r**2 + 39*r + 95. Determine n(-36).
-13
Let j(o) = 1838*o + 21995. Determine j(-12).
-61
Let i(z) = 7*z**3 + z**2 - z - 5. Calculate i(-3).
-182
Let x(h) = h**3 - 9*h**2 + 9*h + 14. Give x(8).
22
Let o(k) = -263*k - 11833. Giv